*s - 132, -3*s - 3*x - x = -88. What is the tens digit of s?
2
Let w(x) = -2*x**3 - 5*x**2 + 3*x - 2. Let t be w(-4). Suppose 0 = -v - 14 + t. What is the units digit of v?
0
Suppose 2*d = -14 + 30. Suppose 0 = 2*n + 5 + 3. Let g = n + d. What is the units digit of g?
4
Let i(n) = 3*n + 10. Let o be i(-7). What is the tens digit of (-2)/(4/2) - o?
1
Let z(f) be the third derivative of f**5/60 + 11*f**4/24 + 4*f**3/3 - f**2. What is the units digit of z(-11)?
8
Suppose -4*z = -3*r + 6*r - 92, 2*z - 2*r - 46 = 0. What is the units digit of z?
3
Suppose -3*m + 2*m = -t + 3, 0 = 2*m - 4*t + 16. Let u be (m/3)/(4/6). Let n(q) = 14*q**3 - q + 1. What is the tens digit of n(u)?
1
What is the units digit of (-30)/(-3) + (5 - 9)?
6
Let f(v) = v**3 + v. Let h be f(0). Let c(j) be the second derivative of -j**5/20 - j**4/12 + j**2/2 - j. What is the units digit of c(h)?
1
Suppose b - 78 = -2*b. What is the units digit of b?
6
Suppose 9*p - 5*p - 652 = 0. What is the hundreds digit of p?
1
Suppose 9*j = 5*j + 24. What is the units digit of j?
6
Let x = -64 + 174. What is the hundreds digit of x?
1
What is the units digit of (752/10)/(144/20 + -7)?
6
Let v(m) = 8*m**3 + 2*m**2 - 4*m + 3. What is the units digit of v(2)?
7
Let g(s) = 0*s**2 - 7 - 10*s + s**3 + 7*s**2 + 0*s**3. What is the units digit of g(-8)?
9
Suppose -8*g + 6*g = -3*n + 154, n = -g + 53. What is the units digit of n?
2
Let y be (-18)/4*4/(-6). Let s(a) = -3 - a + y - 1. What is the units digit of s(-3)?
2
Suppose 5*r = 2*r + 9. Suppose -r*j = j - 32. What is the units digit of j?
8
Suppose -3*p - p + x = -694, 5*p - 863 = -x. What is the hundreds digit of p?
1
Suppose -3*s = -3*x + 66, -x - 5*s - 2 = -0*s. What is the tens digit of x?
1
Let j(h) = -h**2 + 4. Let c(n) = -n. Let t(i) = -2*c(i) - j(i). What is the units digit of t(-5)?
1
Suppose -4*o = o - 10. What is the units digit of ((-1)/o)/((-1)/58)?
9
Let y = 2 + -2. Suppose 5*d + y*d - 25 = 0. Suppose 2*h = -d*f + 106, -97 = -5*f - h + 2*h. What is the tens digit of f?
2
Let h be (4 - -1)*(-2)/(-5). Suppose h*f = 5*f - 6. What is the units digit of f?
2
Suppose -5*j - 5*w - 15 = 0, 0*j - j + 2*w = -6. What is the units digit of 7 + -9 + j + 23?
1
What is the units digit of 9*(-2)/(-6) - -1?
4
Let o(n) = 2*n**2 + 2*n + 2 - n**2 - 7*n + n**2 + n**3. What is the units digit of o(3)?
2
Let u(b) = b**2 - b + 3. Let k be u(0). Suppose k*v - 8 = 5*v. What is the units digit of (-1)/v + (-95)/(-20)?
5
Let q = -7 + 10. Suppose 5*m + 40 = 5*a, -q*a - 8 = 3*m - 2. Suppose c + o + 1 = 0, -a*c + 3 + 26 = -5*o. What is the units digit of c?
3
Let m = 5 + -1. Suppose m*w - 2 = 3*w. Suppose 4 + 6 = w*x. What is the units digit of x?
5
Suppose -t = -6*t + 15. Let m(y) = y**3 - y**2 - 3*y - 1. Let q be m(t). Let b = q + -3. What is the units digit of b?
5
Let v(k) = 10*k**3. What is the tens digit of v(1)?
1
Let y(k) = 4*k - 16 - 3*k**2 + 4*k - 2*k**2 + 6*k**2. What is the tens digit of y(-11)?
1
Suppose 8*t - 183 = 5*t. What is the units digit of t?
1
Let j = 27 + -27. Suppose k + 0*k - 3*x - 53 = 0, -4*x + 4 = j. What is the tens digit of k?
5
Let b(d) = d**2 + 12*d + 5. What is the units digit of b(9)?
4
Suppose b + 6 = 7. Suppose -2*q - 3*r = -b - 24, -4*q + 74 = -2*r. What is the tens digit of q?
1
Suppose 3*r - 4*j - j = 185, r - 65 = j. What is the tens digit of r?
7
Let f be 2*(1 - (-21)/(-6)). Let l = -1 - f. Suppose -3*r = -l*r + 3. What is the units digit of r?
3
Let b(i) = i**3 + 8*i**2 + 6*i - 7. Let h be b(-7). What is the units digit of (h - 3) + 21 + -2?
6
Let h(t) = 10*t - 20. Let c(s) = -9*s + 19. Let l(d) = -5*c(d) - 4*h(d). What is the units digit of l(6)?
5
Let a(s) = s**2 - 2*s. What is the units digit of a(-5)?
5
Let b(g) = -g**3 + 7*g**2 + 6*g - 8. What is the tens digit of b(7)?
3
Suppose -4*w + 3*g + 1303 = 0, 4*w - 508 - 760 = -4*g. What is the tens digit of w?
2
Suppose 3*j + 3*l = 54, -104 = -4*j - l - 35. What is the units digit of j?
7
Suppose -v = -0*v + s - 3, 5*s = -3*v + 1. Let n(t) = 30*t**3 - 2*t**2 + 5*t + 2 - 29*t**3 - 11*t - 4*t**2. What is the units digit of n(v)?
9
Suppose 3 = -2*t + 13. Suppose 2*p - 40 = -4*k - 2*p, t*k + 3*p - 44 = 0. What is the units digit of k?
7
Let n = -23 + 33. Suppose -3*f + 17 = -n. What is the units digit of f?
9
Suppose 328 - 44 = 4*w. Let x = -51 + w. What is the tens digit of x?
2
Let j(w) = -w**2 - 7*w + 1. Let p be j(-7). What is the units digit of 6/3 + p/1?
3
Suppose -4*v + 888 = 4*p, 2*v + 923 = 6*v - 3*p. What is the tens digit of v?
2
Let k be (10/25)/(2/50). Let b = 0 + k. Suppose -n + 5 = -5*l, -2*n + b = 5*l - 15. What is the units digit of n?
0
What is the units digit of (-4)/((-3)/(-3)) + 41?
7
Let v be (-3)/(2 - (-33)/(-12)). Let c = 12 - v. Let f = c - 1. What is the units digit of f?
7
Let c(m) = 4*m + 1. What is the tens digit of c(6)?
2
Let x be (-2412)/(-24)*4/6. Suppose 4*s + 48 = 4*b, 5*b + s + s - x = 0. What is the tens digit of b?
1
Suppose -f + 0 = -5. Suppose -362 + 47 = -5*h + 3*b, 0 = f*h + 4*b - 350. Suppose -j - h = -6*j - 2*w, 5*j - 60 = -5*w. What is the units digit of j?
4
Suppose 3*h - 15 = 0, 5*h = 4*o + 4*h - 559. What is the hundreds digit of o?
1
What is the tens digit of (-29 - -134)*((-2)/3)/(-1)?
7
Let j = 9 + 28. What is the tens digit of j?
3
Suppose -5*j - 2*u = -3*j - 2, -3*u = 2*j. Suppose -7*i = -j*i. Suppose -l + 2 = i, 3*y - 2*y + 3*l = 9. What is the units digit of y?
3
Suppose 0 = -0*c + c - 2. What is the tens digit of c*1*(-1 - -6)?
1
Suppose -b = -3 - 0. Suppose b*x + 0 = 9. Let i = x - -1. What is the units digit of i?
4
Suppose 3*p = p + 8. Suppose -2 = -u, 2*x - 14 = 6*u - p*u. Let k(t) = -t**2 + 10*t. What is the units digit of k(x)?
9
Suppose 164 = -0*z + 4*z. What is the units digit of z?
1
Let j(a) = 2*a**2 - 2*a + 2. Let p(o) = -5*o + 1. Let y be p(-1). Let q = y + -4. What is the units digit of j(q)?
6
Suppose 4*u - 8 = -0*u. Suppose u*q + 2 = -2*l, -4*q = -0*q - 8. Let s = -2 - l. What is the units digit of s?
1
Let c be 1/(-2) - (-105)/2. What is the tens digit of ((-1)/2)/((-2)/c)?
1
Let r(n) = -n - 5. Suppose -g = -l - 0*l + 5, 31 = -5*g + 2*l. Let i be r(g). Suppose 1 = 3*d - i. What is the units digit of d?
1
Let x(s) = -2*s - 6. Let z be x(-4). Let m(v) = -v**3 + 0 + 1 + 0*v - z*v + 0*v + 5*v**2. What is the units digit of m(4)?
9
Suppose -5*u + 2 = 17. Let a = u - -1. What is the units digit of ((-2)/6)/(a/18)?
3
Let g = 212 + -44. What is the units digit of g?
8
Suppose 3*d - k = 9 + 3, 0 = -4*k - 12. Let l = d + -14. Let x = 18 + l. What is the units digit of x?
7
Let r = 18 - 10. Suppose -r*o + 10 = -3*o. Suppose -6 = o*n - 5*n. What is the units digit of n?
2
Let l = -77 + 128. What is the tens digit of l?
5
Let c(k) = 8*k**3 + 4*k**2 + 3*k + 2. Let t be c(-5). Let p = t + 1343. What is the units digit of 4/(-14) + p/35?
2
Suppose 2*q = -2*j + 146, j + 380 = 5*q + 3*j. What is the units digit of q?
8
Let l = -12 - -21. What is the units digit of l?
9
Let l(q) = -7*q + 3. Let r(x) = -x - 1. Let d(z) = -l(z) + 5*r(z). Suppose m - 28 = -3*m. What is the units digit of d(m)?
6
Suppose 70 = 6*a - 62. What is the tens digit of a?
2
Let b(y) = 2*y**2 + 8*y - 1. Let x(w) = 3*w**2 + 16*w - 3. Let h(a) = -5*b(a) + 3*x(a). What is the tens digit of h(5)?
1
What is the tens digit of (1/(2/(-314)))/(-2 + 1)?
5
Let i = 1 + 8. Let s = i + -2. What is the units digit of s?
7
Let v(g) = g**2 - 4*g + 4. Let z be v(5). What is the tens digit of 3/z - 29/(-3)?
1
Let b(l) = -l**3 + 2*l**2 + l. What is the units digit of b(2)?
2
Let p = -36 + -14. What is the tens digit of 0/9 - p/2?
2
Let z(c) = 3*c**2 - 2*c - 1. Let g be z(2). Let x = 18 - 15. Let n = g - x. What is the units digit of n?
4
Let s be (2/4)/((-2)/(-48)). Suppose -4*p + p = -s. What is the units digit of p?
4
Let t(i) = -i - 5. Let y be t(-8). Suppose y*h - 13 = -4. Suppose -75 = h*p - 8*p. What is the units digit of p?
5
Let u(p) = -7 + p**2 + 1 + 2 + 2*p. Let j be u(-4). Suppose 0*k + j*k = 24. What is the units digit of k?
6
Let l be (-6)/((-68)/(-20) - 4). Suppose -3*o - 62 = -4*i - 5*o, -4*i = 4*o - 60. Let z = i - l. What is the units digit of z?
6
Suppose -4*y = l - 37, l = -l - 3*y + 74. Suppose b - 62 - l = 0. What is the tens digit of b/(-6)*2/(-3